t f be g(-1). Is r(f) a prime number?
False
Let a(j) = j**2 - 5*j - 2. Let y = 0 + 6. Let z be a(y). Suppose 5*d + z*v = 277, d + 4*v + 19 = 84. Is d prime?
True
Let k be -1 + 0 - 0 - 1. Suppose -382 = -5*o - w, o + w = -0*w + 78. Is -3*(-3 - o) + k a composite number?
True
Suppose 21049 = 3*h - 2*r, 4*h - 17*r + 15*r - 28068 = 0. Is h a prime number?
True
Let h(s) = 3*s**3 - 4*s**2 + 18*s - 29. Is h(6) a composite number?
True
Let a(x) = 13*x**2 - 111*x - 13. Is a(36) composite?
True
Suppose -5*i = -5*q - 2350, 0*q = -5*q + i - 2370. Let y = q + -482. Let t = -430 - y. Is t a composite number?
True
Let h = -644 + 911. Let b = h - 158. Is b prime?
True
Suppose 0 = -3*d + 2*h - 85, 4*d + 54 = 3*h - 60. Let x = 354 + d. Is x prime?
False
Let h(w) = -w**3 + 5*w**2 - 3*w + 1. Let x be h(4). Suppose -5*o = -4*m + 2192, -x*o - 280 = -2*m + 1906. Let z = -309 - o. Is z a composite number?
False
Let t(n) = n + 10. Let j be t(-7). Suppose -2*u + j*u - 127 = 0. Is u a prime number?
True
Suppose -14*d + 4819 + 46743 = 0. Is d prime?
False
Let b = -550 - -365. Let r = b - -982. Is r prime?
True
Let g = -23 + 25. Suppose 3*a = -h + 2669, 2661 = 3*a - g*h - h. Is a a composite number?
True
Let y = -3160 + 4451. Is y a prime number?
True
Let o(l) = -l**3 - 2*l - 2. Let v be o(0). Let m be v/(-3) - 2091/(-9). Let h = 436 - m. Is h a prime number?
False
Is ((-98)/70)/((-2)/370) prime?
False
Suppose 4004 - 19761 = -7*h. Is h prime?
True
Let v be (-67)/2*-3*6. Suppose -i = -d - v, -3148 + 733 = -4*i + 5*d. Let s = 1181 - i. Is s prime?
False
Is (5/(-10) - 2)*413196/(-70) prime?
False
Let a(t) = 5*t**2 - 11*t + 35. Let f = 76 + -63. Is a(f) a composite number?
True
Let i(y) = y**3 + 26*y**2 + 73*y - 7. Is i(-9) a prime number?
False
Suppose -5*m - 2*k = -2748 - 142, 2*m + 2*k - 1150 = 0. Suppose 5*f = 3*l + m, -3*l - 345 = -3*f - 3. Is f a composite number?
True
Suppose 2*s + 3 = 3*s. Let n be 2*(3555/6 + s). Suppose 0 = 5*q - n + 236. Is q composite?
False
Let p(t) = t**3 - 8*t**2 - 7. Let i be p(8). Let f = -10 - i. Let g(y) = -14*y**3 + 4*y**2 + y + 4. Is g(f) a composite number?
True
Suppose 3*y - 4*y + 2*g + 5179 = 0, 0 = -5*y - 3*g + 25895. Let v = y - 2850. Is v composite?
True
Let y = -49 + 77. Is 15140/y + (-2)/(-7) composite?
False
Let b = 4521 + -3082. Is b a prime number?
True
Is 68307/(36/24 - (-6)/4) a composite number?
False
Let o(b) = -b**2 - b + 1. Let d(c) = -c**3 - 11*c**2 - 14*c - 3. Let f(v) = d(v) - o(v). Let t be f(-9). Let j = 21 + t. Is j a composite number?
False
Let l(w) be the first derivative of -178*w**2 + 2. Let i be l(-3). Suppose 4*h + 0*h - i = 0. Is h a prime number?
False
Let k(j) = -2*j - 2. Let b be k(-3). Is (5004/(-3) + -1)*(-1 - b) a prime number?
False
Let a(v) = -3112*v - 49. Is a(-5) a composite number?
False
Let f(a) be the first derivative of -3107*a**2/2 - 6*a - 6. Is f(-1) a composite number?
True
Let s be (-15)/5 + ((-420)/4 - 0). Suppose 5*b = 2*b + 3*y - 12, 5*b + 3*y = -36. Is (b - -4) + (0 - s) composite?
True
Suppose 0 = 8*a - 4*a + 3*k - 38387, -a + 3*k + 9578 = 0. Is a prime?
False
Is (12/8)/(21/94654) a prime number?
True
Is (4 + 2079/(-12))*-4 a composite number?
False
Let b(i) = -2*i + 4. Let w be b(-4). Let r be (5/(-2))/((-2)/w). Let z = -8 + r. Is z a composite number?
False
Let y = 9619 - 21393. Is y/(-6) - 4/(-6) a prime number?
False
Suppose 0 = 3*z + 3*z. Suppose z = -s - 5 + 15. Is s a prime number?
False
Suppose 4*g = -8, -7*r + 4*r = -2*g + 2. Let b be (-8)/(-4)*(-1)/(-2). Is (b + r)*(-216 - -1) a prime number?
False
Let x(n) = -9*n**2 - 6*n - n**3 - 2*n - 2*n + n**2 - 2. Is x(-7) a composite number?
False
Suppose 5*g - 826 - 179 = 0. Suppose 2*v - 5*v = -g. Is v prime?
True
Let f(n) = -369*n**3 + 8*n**2 - n + 12. Let i be f(-6). Suppose -l = l + i. Is 2/(-5) - l/75 composite?
True
Suppose 1211 = -3*b - 4*c, -5*c + 2*c = -4*b - 1598. Let m = b - -604. Is m composite?
True
Suppose -3*a + 160831 = -5*b, -4*b - 2 = -18. Is a a prime number?
True
Let z be (-1)/(-2)*134/(-1). Suppose -16*i = -14*i - 40. Let x = i - z. Is x a prime number?
False
Suppose 3*b + 5*b = 4*b. Suppose b = -12*r + 5579 + 9409. Is r a prime number?
True
Suppose -6 = 4*f - 7*f. Suppose -f*u - 5*g + 238 = 0, 2*g = -5*u + 4*u + 117. Is u composite?
False
Suppose -a + 76 = -2*j - 159, 5*a - 4*j - 1157 = 0. Let q = -38 + a. Is q a composite number?
False
Let j(i) = 3*i**2 - 3*i**3 - 5*i**2 + 4*i**3 - i - 3 + 0*i**2. Is j(3) a prime number?
True
Let a(v) = 3*v**2 + v + 295. Is a(0) prime?
False
Is (1378 - 70/10)/(3/29) prime?
False
Let y = 3 - 11. Let k = y - -14. Is (-326)/k*1*-3 composite?
False
Let i = -146 - -189. Is i prime?
True
Suppose 2*c = -3*v + 13546, 5*v - 20 = 10*v. Is c a prime number?
True
Suppose 22*r - 30*r - 224 = 0. Suppose 3*b + 0 = 6. Is ((-357)/r)/(b/8) a prime number?
False
Let c(f) = 9*f**3 + 10*f**2 - 24*f + 19. Is c(14) a composite number?
False
Suppose -1866 - 1866 = -4*h. Is h prime?
False
Let z(s) be the first derivative of s**4/4 + 7*s**3/3 - 5*s**2/2 + 3*s + 6. Is z(4) a prime number?
False
Suppose -9651 = -f + 5*p, 26*p + 29029 = 3*f + 30*p. Is f prime?
False
Let n(s) = 26080*s**3 + 4*s**2 - 3*s. Is n(1) prime?
False
Let p = -7627 - -20144. Is p a composite number?
False
Let c = 18 + -15. Suppose 0*u + 444 = -c*u. Let s = u + 303. Is s prime?
False
Let s = 875 - -818. Is s composite?
False
Suppose 0*t + t - 17 = -a, -5*a - 19 = -3*t. Let w = 12 - t. Is ((-7)/(-7))/(w/(-109)) a prime number?
True
Suppose 5*y + 988 - 11673 = 0. Let t = -1464 + y. Is t prime?
True
Let d be (-23139)/(-45) + 1/(-5). Is ((-8)/(-16))/(1/d) a composite number?
False
Let t = 6 - 18. Let a be (-9)/(-6)*(-16)/t. Suppose -175 = -3*k + a*c, -k + 2*c + 230 = 3*k. Is k prime?
False
Let n(p) = 26*p**2 + p + 4. Suppose 2*o - o = 5. Suppose 3*g = 2*z + 1, -3*g - o = 3*z - 4*g. Is n(z) prime?
False
Suppose -18*g + 1232062 - 326284 = 0. Is g a prime number?
True
Let z(n) = -4*n**2 - 3*n - 3. Let f be z(-4). Let q = 3 - f. Is q a prime number?
False
Suppose 10*g = g + 180. Is (422*g/(-8))/(-1) a prime number?
False
Suppose -36*o + 325674 = -453618. Is o prime?
True
Let b(r) = 75*r**2 - 4*r + 3. Let c be b(3). Let v = 1409 - c. Is v a composite number?
False
Let a(h) = 31*h**2 - 8*h - 15. Let u be -6*(-1 - 0) + 2. Let x be a(u). Suppose 0*c = -3*c + x. Is c a composite number?
True
Suppose -3*n - 5*j - 21 = -2*j, 4*j = 5*n + 80. Let q be (-2 - -3)/((-2)/n). Suppose 596 = q*y - 2*y. Is y prime?
True
Let w(y) = -y**3 - 10*y**2 + 28*y + 46. Is w(-15) prime?
True
Let h(z) = 127*z**3 + z**2 - 59*z + 26. Is h(7) a composite number?
False
Suppose 9*c = -4*r + 4*c - 44, 3*c = 0. Is 2/r + 9292/44 a composite number?
False
Suppose 5*c + 21300 = 5*j - 0*c, -4*j = -2*c - 17048. Suppose -2*s - 3*s + 3*a + j = 0, -3*s + 4*a = -2565. Is s composite?
True
Let s = -5560 - -1514. Let t = s - -5668. Suppose 2723 + t = 5*p. Is p a prime number?
False
Suppose 5 = -2*w + 23. Suppose 11*k - w*k - 514 = 0. Is k prime?
True
Let d(s) = 115*s**2 - 4*s - 62. Is d(-5) a composite number?
False
Suppose 7239 = a - 8020. Is a a composite number?
False
Let g = -35 - -49. Suppose -g - 253 = -3*w. Is w a composite number?
False
Suppose 0 = y - 4*y + 6. Suppose 5*s - 4*d = 1327, -2*s - s + 797 = -y*d. Is s a composite number?
True
Let t be 0 + (-2)/(-4)*10. Suppose -t*x + 4*x = 30. Let z = 89 + x. Is z a composite number?
False
Let h = 370 + 7777. Is h prime?
True
Let y(q) = 4*q**3 + 12*q**2 + 6*q - 9. Is y(10) a composite number?
True
Let z = -67 + 64. Is (-3)/(z/212) - 1 composite?
False
Suppose -5*v = -112 + 37. Let r = -10 + v. Suppose -4*c + 439 = -q, 221 = -3*c + r*c - q. Is c composite?
False
Is (13 - 13) + 421*7 a prime number?
False
Let o(c) = 246*c + 265. Is o(33) a composite number?
True
Suppose g - 2*m = 7563, -g - 2*m + 7565 = -5*m. Is g prime?
True
Let v(c) = -c**2 - 15*c + 13. Let b be v(-20). Let g = 1808 + b. Is g composite?
False
Suppose 6*g - 5704 = -2*g. Is (g - 0)*(4/(-2) - -3) a prime number?
False
Let y(d) = -d**2 + 7*d + 7. Let a be y(8). Let l be 2/(-8)*-4 - a. Is 247/l - (-2)/(-4) composite?
True
Suppose -23 = -5*h - 3, -5*k + 5*h = -44075. Is k composite?
False
Suppose -g = -j - 1403, -5*g + 16*j = 14*j - 7012. Is g composite?
True
Let o(n) = 